der when 40259 is divided by 110?
109
Calculate the remainder when 289 is divided by 74.
67
What is the remainder when 156 is divided by 63?
30
Calculate the remainder when 63 is divided by 23.
17
Calculate the remainder when 4909 is divided by 164.
153
What is the remainder when 6634 is divided by 42?
40
What is the remainder when 327 is divided by 33?
30
Calculate the remainder when 28469 is divided by 65.
64
What is the remainder when 9177 is divided by 108?
105
Calculate the remainder when 1199 is divided by 80.
79
What is the remainder when 187 is divided by 24?
19
Calculate the remainder when 831 is divided by 26.
25
Calculate the remainder when 5256 is divided by 403.
17
Calculate the remainder when 171 is divided by 36.
27
Calculate the remainder when 546 is divided by 61.
58
Calculate the remainder when 218 is divided by 66.
20
Calculate the remainder when 10940 is divided by 42.
20
What is the remainder when 273 is divided by 71?
60
What is the remainder when 57 is divided by 22?
13
What is the remainder when 87 is divided by 44?
43
What is the remainder when 126 is divided by 44?
38
Calculate the remainder when 316 is divided by 83.
67
Calculate the remainder when 147 is divided by 50.
47
Calculate the remainder when 178 is divided by 27.
16
Calculate the remainder when 1275 is divided by 421.
12
Calculate the remainder when 627 is divided by 33.
0
What is the remainder when 431 is divided by 55?
46
What is the remainder when 208 is divided by 29?
5
What is the remainder when 671 is divided by 591?
80
What is the remainder when 3765 is divided by 17?
8
Calculate the remainder when 77 is divided by 8.
5
What is the remainder when 10455 is divided by 126?
123
What is the remainder when 482 is divided by 429?
53
What is the remainder when 1330 is divided by 159?
58
What is the remainder when 769 is divided by 76?
9
What is the remainder when 1663 is divided by 3?
1
What is the remainder when 657 is divided by 15?
12
Calculate the remainder when 172 is divided by 29.
27
What is the remainder when 754 is divided by 42?
40
What is the remainder when 64 is divided by 8?
0
Calculate the remainder when 334 is divided by 331.
3
Calculate the remainder when 65986 is divided by 282.
280
What is the remainder when 62 is divided by 37?
25
Calculate the remainder when 9 is divided by 1.
0
Calculate the remainder when 89 is divided by 44.
1
Calculate the remainder when 390 is divided by 17.
16
What is the remainder when 740 is divided by 281?
178
Calculate the remainder when 2002 is divided by 331.
16
What is the remainder when 491 is divided by 31?
26
Calculate the remainder when 5914 is divided by 14.
6
Calculate the remainder when 33 is divided by 2.
1
Calculate the remainder when 521 is divided by 87.
86
What is the remainder when 93 is divided by 12?
9
Calculate the remainder when 6583 is divided by 44.
27
Calculate the remainder when 32 is divided by 12.
8
Calculate the remainder when 1801 is divided by 182.
163
Calculate the remainder when 191 is divided by 12.
11
Calculate the remainder when 680 is divided by 53.
44
What is the remainder when 161 is divided by 136?
25
What is the remainder when 1677 is divided by 28?
25
Calculate the remainder when 114 is divided by 31.
21
Calculate the remainder when 5186 is divided by 106.
98
Calculate the remainder when 379 is divided by 18.
1
Calculate the remainder when 3966 is divided by 84.
18
Calculate the remainder when 32 is divided by 4.
0
Calculate the remainder when 3283 is divided by 53.
50
What is the remainder when 183 is divided by 51?
30
What is the remainder when 167 is divided by 32?
7
Calculate the remainder when 242 is divided by 49.
46
Calculate the remainder when 598 is divided by 50.
48
What is the remainder when 510 is divided by 176?
158
Calculate the remainder when 75 is divided by 18.
3
Calculate the remainder when 11 is divided by 3.
2
Calculate the remainder when 510 is divided by 27.
24
Calculate the remainder when 367 is divided by 31.
26
What is the remainder when 403 is divided by 5?
3
Calculate the remainder when 4132 is divided by 39.
37
Calculate the remainder when 317 is divided by 14.
9
What is the remainder when 337 is divided by 114?
109
What is the remainder when 38 is divided by 17?
4
Calculate the remainder when 93 is divided by 24.
21
What is the remainder when 302 is divided by 151?
0
Calculate the remainder when 66 is divided by 14.
10
Calculate the remainder when 1479 is divided by 41.
3
Calculate the remainder when 144 is divided by 77.
67
What is the remainder when 10691 is divided by 15?
11
Calculate the remainder when 127 is divided by 15.
7
Calculate the remainder when 327 is divided by 94.
45
What is the remainder when 99 is divided by 41?
17
Calculate the remainder when 381 is divided by 35.
31
Calculate the remainder when 451 is divided by 115.
106
Calculate the remainder when 149 is divided by 77.
72
Calculate the remainder when 320 is divided by 65.
60
Calculate the remainder when 22 is divided by 5.
2
What is the remainder when 254 is divided by 85?
84
What is the remainder when 354 is divided by 189?
165
What is the remainder when 375 is divided by 190?
185
Calculate the remainder when 326 is divided by 135.
56
Calculate the remainder when 23187 is divided by 17.
16
What is the remainder when 1859 is divided by 62?
61
What is the remainder when 129 is divided by 13?
12
What is the remainder when 56 is divided by 35?
21
What is the remainder when 6368 is divided by 59?
55
Calculate the remainder when 141 is divided by 4.
1
Calculate the remainder when 179 is divided by 4.
3
Calculate the remainder when 171 is divided by 3.
0
What is the remainder when 246 is divided by 74?
24
What is the remainder when 10175 is divided by 96?
95
What is the remainder when 426 is divided by 80?
26
Calculate the remainder when 67 is divided by 18.
13
What is the remainder when 54 is divided by 28?
26
Calculate the remainder when 69 is divided by 33.
3
What is the remainder when 157 is divided by 140?
17
Calculate the remainder when 282 is divided by 36.
30
What is the remainder when 240 is divided by 140?
100
Calculate the remainder when 526 is divided by 22.
20
What is the remainder when 616 is divided by 15?
1
Calculate the remainder when 880 is divided by 59.
54
What is the remainder when 17 is divided by 10?
7
Calculate the remainder when 3152 is divided by 38.
36
Calculate the remainder when 108 is divided by 10.
8
Calculate the remainder when 803 is divided by 13.
10
What is the remainder when 49 is divided by 8?
1
Calculate the remainder when 442 is divided by 7.
1
Calculate the remainder when 428 is divided by 43.
41
What is the remainder when 835 is divided by 233?
136
Calculate the remainder when 846 is divided by 11.
10
What is the remainder when 1584 is divided by 26?
24
What is the remainder when 45 is divided by 16?
13
Calculate the remainder when 537 is divided by 17.
10
What is the remainder when 109 is divided by 102?
7
Calculate the remainder when 108 is divided by 23.
16
Calculate the remainder when 924 is divided by 37.
36
Calculate the remainder when 49 is divided by 3.
1
What is the remainder when 7180 is divided by 61?
43
Calculate the remainder when 55 is divided by 17.
4
What is the remainder when 217 is divided by 78?
61
What is the remainder when 330 is divided by 49?
36
What is the remainder when 687 is divided by 69?
66
What is the remainder when 1498 is divided by 5?
3
What is the remainder when 192 is divided by 39?
36
What is the remainder when 212 is divided by 6?
2
Calculate the remainder when 13139 is divided by 18.
17
What is the remainder when 253 is divided by 19?
6
Calculate the remainder when 1163 is divided by 184.
59
What is the remainder when 2768 is divided by 920?
8
What is the remainder when 1358 is divided by 227?
223
What is the remainder when 313 is divided by 25?
13
What is the remainder when 97 is divided by 20?
17
What is the remainder when 161 is divided by 62?
37
Calculate the remainder when 554 is divided by 62.
58
Calculate the remainder when 88 is divided by 15.
13
Calculate the remainder when 3309 is divided by 8.
5
What is the remainder when 136 is divided by 101?
35
What is the remainder when 207 is div